/3 - n**2 + 2*n - 65. What is the tens digit of i(1)?
6
Let n = 96 - 91. Suppose -v + 420 = 3*l - 958, n*v = -3*l + 1382. What is the hundreds digit of l?
4
Let t(p) = -347*p + 997. What is the tens digit of t(-6)?
7
Let g(r) = 2*r + 12. Let o be g(-5). Suppose -5*p - 74 = -3*f, -43 = -o*f - 2*p - p. What is the units digit of f?
3
Let a(b) = b**2 + 11. Let t be a(-3). Suppose t*l + 2765 = 25*l. What is the units digit of l?
3
Let g be 1/(6/21)*12/21. Suppose -289 = -g*f + 3*i, 5*i = 7*f - 2*f - 710. What is the units digit of f?
7
Let m = 79561 - 40572. What is the ten thousands digit of m?
3
Let p(w) = 226*w**3 - w. Let j be p(1). Let q = j + 123. What is the tens digit of q?
4
What is the tens digit of -2 + 2648/10 + (-89)/(-445)?
6
Suppose b = -g - 79 - 131, -b = 0. Let p = 228 + g. What is the tens digit of p?
1
Let k(g) = 6*g**2 - 12*g + 66. Let d = 473 + -460. What is the tens digit of k(d)?
2
Let w = 75 + 9877. What is the thousands digit of w?
9
Suppose 3*a + 0*a - 3 = 0. Let b be a/(3/((-60)/(-4))). Suppose p + p + 5*y - 108 = 0, b*p = 2*y + 241. What is the units digit of p?
9
Let s = 0 - -24. Suppose -18*b + s = -15*b. Let v(d) = -d**3 + 9*d**2 + 4*d + 1. What is the tens digit of v(b)?
9
Suppose p = 4*j - 26724, -460 + 456 = -p. What is the thousands digit of j?
6
Let t = -25173 + 39605. What is the hundreds digit of t?
4
What is the tens digit of 12 + -11 - (26 + -19913)?
8
Let j(a) = 5161*a - 10384. What is the ten thousands digit of j(8)?
3
Suppose 2*v - 6*v + 1899 = -5*g, -2*v - 3*g = -933. Suppose -2*d - v + 1945 = 0. What is the units digit of d?
7
Let w = 38127 + -26900. What is the ten thousands digit of w?
1
Suppose 3*g + 11*t = 14*t + 269895, t - 269867 = -3*g. What is the units digit of g?
8
Suppose 0 = 8*c - 14*c + 1686. Let n = c + -62. Suppose j - 2*p - n = 0, -p + 2 - 3 = 0. What is the hundreds digit of j?
2
Let b be (0 - -1 - -3)*(-47)/(-94). What is the units digit of 395 + -18 - (b + -2)?
7
Let t be 10 - 2 - -6*(-1)/(-2). Suppose -2*o = t - 27. What is the hundreds digit of (-1872)/(-14) - o/(-28)?
1
What is the tens digit of (-3118582)/(-670) - -2*3/15?
5
Suppose -8*u + 11830 = 2*u. Suppose -66*g + 86729 = -u. What is the tens digit of g?
3
Let s(i) = 3*i**2 - i - 11. Let c be s(-6). Let t = -92 + c. Let v = 4 + t. What is the tens digit of v?
1
What is the hundreds digit of (-50798)/(-12) - 12 - 3/18?
2
Let y(l) = -118*l - 48. Let u be y(-7). Suppose -11*a + 8539 = -u. What is the units digit of a?
7
Let p be (-6)/(-16)*2 + 3/(-4). Suppose -38*z + 267 - 39 = p. What is the units digit of z?
6
Suppose 3*u = 396 + 252. Suppose 13*q - u - 1708 = 0. What is the hundreds digit of q?
1
Let s = 2034 - 1432. Suppose -u - 2*o + 265 = 0, -3*u + 173 = o - s. What is the tens digit of u?
5
Let c(r) = 9*r**2 - 5*r + 6. Let y be c(1). Let d be (-464)/(-5) - y/(-50). What is the tens digit of ((-4)/(-6))/(-6 + 559/d)?
6
Let i = -35 + 33. Let h be ((-11)/(-3))/(i/(-30)). Let r = 78 + h. What is the tens digit of r?
3
Let t = 9305 - 6053. What is the units digit of t?
2
Let i = -2424 - -4600. Suppose -5*r = -13*r + i. What is the hundreds digit of r?
2
Suppose -4*d - 4*n - 16 = -2*d, 3*d = n + 4. Let g be d + -150 - (4 - 8). What is the units digit of g/(-4) + 10/20?
7
Suppose 4*h = 14 + 22. Let m = h + -5. Suppose 0 = -m*p + 16, -p = -3*y - 5*p + 223. What is the units digit of y?
9
What is the thousands digit of 42/(-49) + (1 + 5)*166651/357?
2
Suppose -255*m - 414*m + 14523321 = 0. What is the hundreds digit of m?
7
Suppose 30230 = -4*z + b + 189402, 0 = 5*z + 4*b - 199007. What is the hundreds digit of z?
7
Suppose 7930 = 5*n + 2*c, -5*n = 3*c - 629 - 7301. Let w = 2411 - n. What is the hundreds digit of w?
8
Let m be (-2956)/(-10) + 4 + 161/(-35). Let g = m - -220. What is the tens digit of g?
1
Let o = 162 - -384. What is the tens digit of (-2 - -7)/(105/o)?
2
Suppose 7*p = -8*p - 4425. Let l = -888 + 1307. Let f = l + p. What is the tens digit of f?
2
Suppose 0 = 2*m + 3*m - 7965. Suppose 4*v - 2*h - 6366 = 0, -h + m = 2*v - 1584. What is the tens digit of v?
9
What is the thousands digit of (558/(-54) - -7)/(2/(-1479))?
2
Let n(s) = -1006*s + 154. What is the tens digit of n(0)?
5
Let b be (13/2)/((-2)/(-88)). Suppose 3*n - 134 = b. What is the hundreds digit of n?
1
Let r(n) = -n + 3. Let i be r(11). Let q be 68 + ((-2)/1)/(i + 10). Suppose k - q = 4*c, -201 = -2*k - k + 2*c. What is the tens digit of k?
6
Let c = 26530 - 7586. What is the tens digit of c?
4
Let n = 171 - -22. Let r = n - 92. What is the tens digit of r?
0
Let c(j) = 3783*j - 18622. What is the units digit of c(6)?
6
What is the units digit of (-270)/(-315) - 14407/(-7)?
9
Let o be 6 - 12 - -8 - -80*91. Suppose -2*t - 20*t = -o. What is the tens digit of t?
3
Let h be (8 + -7)*-1 + 2 + 2. What is the thousands digit of 0/h - 3 - 2010/(-2)?
1
Let m be (-4)/7*-7*2086. What is the tens digit of (-16)/(-208) + m/26?
2
Suppose -4*y + 1903 = -4*z + 13091, 12 = 4*y. Let x = z - 1788. What is the tens digit of x?
1
Let b(h) = -1033*h + 116. What is the hundreds digit of b(-19)?
7
Let a be (-3)/3 + 5 - (-1698)/(-3). Let k = -264 - a. What is the tens digit of k?
9
Suppose -3*r + 220 + 710 = 0. Suppose -r = -6*a + 1394. Suppose 2*v = 4*p - a, 0*p + v + 280 = 4*p. What is the units digit of p?
9
Let x = -31388 - -48743. What is the ten thousands digit of x?
1
Let j be -3*(-8)/(-12) - 0. Let s(a) = -a**2 - a + 16. Let w(p) = p**2 + 2*p - 17. Let k(v) = j*w(v) - 3*s(v). What is the tens digit of k(8)?
4
Suppose -51515 = -19*l + 2*l + 45521. What is the units digit of l?
8
Suppose -j = -7 - 0. Let t(a) = 16*a - 17 - 6*a - a**3 + 109*a**2 - 101*a**2. What is the tens digit of t(j)?
0
Let w(a) = 85*a - 1098. Let f(v) = -28*v + 367. Let l(q) = 11*f(q) + 4*w(q). What is the tens digit of l(14)?
9
Suppose 4*h + 0 + 4 = 0. Let a be -2 + (8/(-4) - 5/h). What is the units digit of a/(-4) - (-2570)/40?
4
Suppose -4*r + 40764 = 4*c, -r + 10200 = 4*c - 0*c. What is the tens digit of r?
8
Let m = 11378 + -6617. What is the units digit of m?
1
Let z(h) = 1049*h**2 - 3*h - 3. What is the tens digit of z(-2)?
9
Suppose l + 19*l = 680. Let v = 93 + l. What is the units digit of v?
7
Let y(m) = 5*m**3 - 15*m**2 - 27*m - 2. Let u(v) = -4*v**3 + 15*v**2 + 26*v + 3. Let d(w) = -6*u(w) - 5*y(w). What is the tens digit of d(-14)?
9
Let q(a) be the third derivative of -9*a**4/4 + 32*a**3/3 + 14*a**2. What is the units digit of q(-7)?
2
Let m = 33528 + -22533. What is the tens digit of m?
9
Suppose -48966 = -20*b - 15426. Let d = 2390 - b. What is the tens digit of d?
1
Let y(h) = -1756*h + 60. What is the units digit of y(-1)?
6
Let b(a) be the third derivative of -a**5/15 + a**4/2 + a**3/3 - 19*a**2. Let c be b(-8). What is the units digit of 1/4 - c/8?
4
Suppose -5197 - 24849 = -8*k - 6070. What is the units digit of k?
7
What is the hundreds digit of (11 - -3)/(-7 + 20877/2982)?
9
What is the units digit of (-734492)/(-44) + -3 + -15?
5
Suppose 1976 = -4*t + 3*t + 2*v, 5918 = -3*t + 4*v. What is the tens digit of (-12 - t)*2/4?
7
Suppose -23*a + 42 = -20*a. Let b(o) = o**3 - 12*o**2 + 20*o + 2. What is the tens digit of b(a)?
7
Suppose 30*n + 24*n - 158490 = 0. What is the tens digit of n?
3
Suppose -38*y + 39*y - 3*p = 22239, 5*p + 88907 = 4*y. What is the tens digit of y?
1
Let s = -211 + 260. Suppose 5*g - 674 = -f + s, 2870 = 4*f - 2*g. What is the hundreds digit of f?
7
Suppose 4*f - 16 = c, -4*c - 2*f = 17 - 43. Suppose -a + 6 = c. Suppose -5*b - 3*o + 7*o = -383, -170 = -a*b - 4*o. What is the tens digit of b?
7
Suppose 5*h = 5 + 15. Suppose y - h*r = -1, -5*r - 10 = 4*y - 9*y. Suppose -3*m - 222 = -4*v, -5*v + 284 = y*m + 20. What is the tens digit of v?
5
Suppose -4*c = -32 + 20. Suppose -15*w = -33104 - 45856. What is the units digit of (-1)/c - w/(-24)?
9
Let y(o) = 293*o**2 + 51*o + 345. What is the hundreds digit of y(-6)?
5
Let g(u) = 147*u**2 + 29*u + 3. Let c = -473 - -475. What is the units digit of g(c)?
9
What is the tens digit of 1 - 7 - (19402/(-4) + 112/224)?
4
What is the thousands digit of 182/(-28)*(6168/(-9))/(16/120)?
3
Suppose 3*a + 5*r = 43468, 129*r - 72348 = -5*a + 133*r. What is the ten thousands digit of a?
1
Let c(u) = 362*u**2 + 35*u - 217. What